et l(w) = 6*w. Calculate l(1).
6
Let z(k) = k - 7. Calculate z(7).
0
Let c(w) = 6*w - 88. Give c(14).
-4
Let u(o) = -o**2 + 39*o + 166. Determine u(43).
-6
Let f(r) = r - 12. Calculate f(-5).
-17
Let c(a) = a**3 + 4*a**2 - 7. Calculate c(-2).
1
Let l(b) = -b**3 - b**2 + 3*b - 4. Give l(-3).
5
Let q(d) = d**2 - 13. Give q(-6).
23
Let q(a) = -18*a + 24. What is q(1)?
6
Let h(u) = 5*u**3 - 39*u**2 - 10*u + 22. Calculate h(8).
6
Let u(m) = -2*m**2 + 34*m - 21. Calculate u(15).
39
Let f(m) = -23*m**2. Calculate f(1).
-23
Let w(s) = s**2 + 14*s + 12. What is w(-12)?
-12
Let f(t) = t**2 + 3*t + 4. Calculate f(0).
4
Let v(l) = l**2 + 8*l - 7. Give v(-9).
2
Let j(h) = h**3 + 50*h**2 - 105*h - 47. Determine j(-52).
5
Let j(q) = -q**2 + 6*q + 5. What is j(-3)?
-22
Let w(r) = -76*r - 615. What is w(-8)?
-7
Let f(t) = t**2 - 5*t + 3. Calculate f(3).
-3
Let o(v) = -v**3 + 49*v**2 + 46*v + 203. What is o(50)?
3
Let f(v) = -v**2 + 13*v - 8. Give f(12).
4
Let o(x) = -3*x**2 - 7*x + 85. Give o(-7).
-13
Let v(w) = w**3 - 10*w**2 + 9*w - 2. Calculate v(9).
-2
Let p(j) = j**3 - j**2 - 13*j + 11. Determine p(4).
7
Let k(x) = -21*x**2 + 2*x + 10. What is k(-2)?
-78
Let x(v) = 4*v**3 + v**2 + v - 1. Give x(1).
5
Let l(a) = -a**3 - 19*a**2 + 17*a + 19. What is l(-20)?
79
Let c(a) = a**2 - 14*a + 39. Calculate c(6).
-9
Let r(x) = 2*x + 30. Calculate r(-14).
2
Let g(l) = 2*l**3 - 52*l**2 - 2. What is g(26)?
-2
Let b(k) = k**2 - 10*k - 5. Calculate b(11).
6
Let t(h) = h**3 - 4*h**2 + 7*h - 5. Calculate t(2).
1
Let x(l) = l**2 - 6*l + 8. Determine x(6).
8
Let x(j) = j - 1. Give x(6).
5
Let d(i) = 2*i**2 + 37*i + 37. Determine d(-18).
19
Let m(r) = r**2 - 21*r + 26. Determine m(20).
6
Let h(v) = -3*v**3 - 8*v**2 + 9*v + 6. What is h(-4)?
34
Let c(o) = -2*o**2 + 10*o + 38. Give c(-5).
-62
Let z(l) = -l**3 + 8*l**2 - 7*l - 11. Calculate z(6).
19
Let w(p) = -p**3 + 10*p**2 - 17*p + 12. Calculate w(8).
4
Let b(x) = 2*x**3 - 10*x**2 + x + 15. Calculate b(5).
20
Let r(n) = 3*n + 91. Give r(-32).
-5
Let u(t) = -t**3 + 16*t**2 - 2*t + 19. Calculate u(16).
-13
Let r(f) = -f**3 - 23*f**2 + 27*f + 71. Give r(-24).
-1
Let o(p) = p + 24. What is o(9)?
33
Let a(o) = -o**3 + 27*o**2 + 29*o - 26. Give a(28).
2
Let z(g) = g**2 - 25*g + 10. What is z(24)?
-14
Let d(h) = -113*h - 568. Give d(-5).
-3
Let j(a) = -a**2 + 12*a + 26. Give j(11).
37
Let r(j) = -2*j**2 - 99*j - 146. What is r(-48)?
-2
Let w(u) = 8*u**3 - 46*u**2 - 6*u + 9. Determine w(6).
45
Let x(q) = q**2 - 2*q - 2. Determine x(0).
-2
Let r(m) = 5*m - 33. Calculate r(-3).
-48
Let q(w) = -9*w + 11. What is q(0)?
11
Let r(o) = -o**2 + 5*o + 6. What is r(-1)?
0
Let o(i) = i**3 + 2*i**2 - 7*i - 6. Give o(-4).
-10
Let j(z) = -z**3 - 15*z**2 - 24*z + 13. What is j(-13)?
-13
Let f(w) = -4*w**2 + 8. What is f(-3)?
-28
Let f(p) = -p**2 + 45*p - 143. Calculate f(43).
-57
Let b(v) = v**3 - 10*v**2 - 24*v + 5. Determine b(12).
5
Let a(w) = -3*w**3 + 3*w**2 - 2*w. Determine a(2).
-16
Let n(j) = 4*j - 1. What is n(13)?
51
Let t(v) = -8*v**2. What is t(2)?
-32
Let p(b) = -b - 21. Give p(-31).
10
Let h(s) = 15*s + 13. Determine h(-9).
-122
Let u(n) = -n**3 - 6*n**2 - 4*n - 17. Calculate u(-7).
60
Let k(h) = h**3 - 7*h**2 + 8*h - 3. Calculate k(5).
-13
Let m(f) = f**3 - 12*f**2 - 20*f - 107. What is m(14)?
5
Let y(u) = u**3 - 7*u**2 - 23*u + 20. What is y(9)?
-25
Let d(g) = -2*g**2 - 3*g - 4. Determine d(-3).
-13
Let j(i) = -i**2 + 2*i - 3. Give j(3).
-6
Let g(x) = -x**3 + 8*x**2 + 20*x + 14. Calculate g(10).
14
Let r(o) = -5*o**2 - 8*o - 4. What is r(-3)?
-25
Let i(w) = -w**3 - 6*w**2 + 9*w - 1. Determine i(-7).
-15
Let t(o) = 11*o - 4. Determine t(-4).
-48
Let a(h) = 2*h**3 - 20*h**2 + 33*h - 8. Determine a(8).
0
Let c(p) = 25*p - 221. Calculate c(9).
4
Let m(h) = 2*h + 6. Give m(-5).
-4
Let a(u) = -u**2 + 3*u + 2. Calculate a(6).
-16
Let t(c) = -c**3 + 10*c**2 - 14*c + 5. What is t(6)?
65
Let k(v) = 2*v. Calculate k(3).
6
Let d(m) = m**3 - 37*m**2 + m - 17. Give d(37).
20
Let p(g) = -g**3 - 18*g**2 - 2*g - 32. Give p(-18).
4
Let a(q) = -q + 19. Give a(10).
9
Let k(s) = s**2 + 2*s - 1. Give k(-1).
-2
Let g(h) = -h**2 + 4*h + 27. Determine g(9).
-18
Let k(f) = -f**2 + 15*f - 24. Determine k(14).
-10
Let r(n) = -2*n**3 - 70*n**2 + n + 39. Determine r(-35).
4
Let r(m) = -m**2 + 9*m + 10. Give r(10).
0
Let q(t) = t**2 + 14*t + 35. Determine q(-12).
11
Let b(w) = 15*w**2 - 5*w + 4. Give b(2).
54
Let h(x) = -6*x + 71. What is h(11)?
5
Let v(k) = 10*k + 5. Determine v(2).
25
Let r(k) = -14*k - 18. What is r(6)?
-102
Let b(g) = g - 12. Calculate b(9).
-3
Let x(o) = -10*o - 40. Calculate x(-5).
10
Let j(o) = 2*o**3 - 5*o**2 + 2*o - 1. What is j(3)?
14
Let t(l) = -l**2 - 6*l + 20. Calculate t(-9).
-7
Let y(l) = -l**2 + l + 19. What is y(-3)?
7
Let h(f) = -f**3 + 32*f**2 - 53*f - 218. Determine h(30).
-8
Let a(p) = -p**2 + 7*p - 5. Calculate a(3).
7
Let z(y) = y**3 - y**2 - y + 10. Calculate z(0).
10
Let h(f) = -f**2 + 12*f - 21. Calculate h(11).
-10
Let m(a) = 10*a**2 - 4*a. What is m(2)?
32
Let p(d) = d**3 - 5*d**2 + 6*d - 3. Determine p(5).
27
Let j(f) = -5*f + 65. Give j(14).
-5
Let c(h) = h**3 - 41*h**2 + 41*h - 38. Determine c(40).
2
Let i(q) = q**2 + 15*q - 23. Give i(-12).
-59
Let j(c) = -c**3 - 6*c**2 - 7*c + 2. Determine j(-4).
-2
Let j(s) = -30*s**2 + 2*s + 2. What is j(-1)?
-30
Let n(p) = p**3 - 2*p**2 + 2. Determine n(2).
2
Let c(h) = -h**2 + 19*h - 16. Determine c(11).
72
Let t(j) = 2*j - 47. Determine t(15).
-17
Let j(b) = -19*b + 147. Give j(8).
-5
Let d(q) = -q - 6. Give d(-22).
16
Let p(q) = q**3 - 5*q**2 + 5*q. What is p(4)?
4
Let x(p) = 2*p**2 + 9*p - 2. Give x(6).
124
Let k(v) = v**2 + 14*v + 24. What is k(-8)?
-24
Let j(g) = 2*g - 4. What is j(3)?
2
Let b(r) = -r - 13. Calculate b(-8).
-5
Let w(g) = g**3 - 8*g**2 - 13*g + 25. Give w(9).
-11
Let s(w) = 24*w + 119. Calculate s(-5).
-1
Let t(u) = u**2 - 15*u - 10. Calculate t(16).
6
Let n(m) = m**2 - 5*m - 12. Determine n(6).
-6
Let i(f) = -5*f**2 + 5*f + 1. Calculate i(1).
1
Let h(s) = s - 7. Determine h(5).
-2
Let j(y) = y**2 + 44*y - 45. Give j(-45).
0
Let r(d) = 2*d**3 - 4*d**2 + 2*d. Calculate r(4).
72
Let g(k) = 3*k - 9. Calculate g(5).
6
Let g(q) = -q**3 + 7*q**2 + 9*q + 6. Calculate g(7).
69
Let l(k) = 15*k**2 + k + 1. What is l(-1)?
15
Let x(k) = -k**3 + 11*k**2 + 10*k + 5. Calculate x(11).
115
Let n(q) = q**3 + 6*q**2 + 4*q - 5. Determine n(-5).
0
Let a(r) = 2*r. Give a(4).
8
Let q(h) = -h**3 - 8*h**2 - 7*h + 8. What is q(-7)?
8
Let r(z) = z**2 - 14*z + 46. Calculate r(10).
6
Let n(g) = g**2 - 21*g + 63. Calculate n(17).
-5
Let r(l) = -4*l + 22. Determine r(10).
-18
Let i(d) = d**3 + 8*d**2 - 3*d - 11. What is i(-8)?
13
Let b(t) = -15*t + 359. What is b(24)?
-1
Let f(i) = i**3 + 15*i**2 + 12*i - 18. Determine f(-14).
10
Let x(o) = -o**3 + 7*o**2 - 6*o + 6. Give x(6).
6
Let s(g) = 7*g + 271. Determine s(-40).
-9
Let j(r) = 2*r**2 - 18*r - 32. Determine j(11).
12
Let g(v) = 15*v**3 - v - 1. Give g(-1).
-15
Let y(v) = v**3 - 7*v**2 + 13*v - 7. Determine y(5).
8
Let y(i) = i**3 - i**2 - 2*i + 44. What is y(0)?
44
Let v(i) = -17*i - 2. What is v(2)?
-36
Let d(c) = 28*c. Give d(-1).
-28
Let f(r) = -12*r + 150. Determine f(12).
6
Let u(x) = x + 5. Determine u(-9).
-4
Let r(t) = t**3 - 8*t**2 + 2. Determine r(8).
2
Let d(m) = -m**3 + 4*m**2 - 3*m + 1. What is d(4)?
-11
Let t(o) = -o**2 + 3*o + 2. Calculate t(4).
-2
Let a(j) = -5*j**3 - j**2 + 3*j - 3. Give a(2).
-41
Let d(x) = -x + 9. Determine d(0).
9
Let s(m) = m**2 - 2*m - 3. Determine s(3).
0
Let t(p) = -25*p - 470. Give t(-19).
5
Let j(n) = 26*n + 58. Calculate j(-2).
6
Let b(s) = s**2 - 27*s - 20. Calculate b(28).
8
Let n(m) = 7*m + 7. Calculate n(6).
49
Let q(t) = -t**2 + 8*t - 41. Give q(6).
-29
Let d(u) = u**3 + 7*u**2 + 3*u - 2. What is d(-5)?
33
Let m(a) = -a**3 + 7*a**2 - 19*a + 12. What is m(4)?
-16
Let h(u) = u**2 + 5*u + 7. Calculate h(-3).
1
Let n(c) = 9*c + 50. What is n(-7)?
-13
Let d(m) = m**3 + 24*m**2 + 25*m + 28. Give d(-23).
-18
Let v(x) = 10*x**3 + x. Give v(1).
11
Let t(p) = 3*p + 21. What is t(13)?
60
Let l(n) = -4*n + 3. Determine l(9).
-33
Let a(l) = l**2 + 9*l + 12. What is a(-7)?
-2
Let g(p) = -p**2 + 7*p + 14. Give g(8).
6
Let k(l) = -l - 20. What is k(-6)?
-14
Let o(d) = -d**2 + 8*d - 5. Calculate 